pose -3*a - g = -4*k + 230, -4*k = 4*a + 320. Is 16 a factor of 9*(-9)/(a/30)?
False
Suppose -3 = -3*m - 3*b, 3*b + 16 = 5*m - 13. Suppose -88 = -4*q - 5*g, q - 4*g + 66 = m*q. Does 5 divide q?
False
Let u(y) = 2*y**2 + y - 87. Does 11 divide u(10)?
False
Let w(c) = -29*c. Let k(r) = -1 + 1 - 67*r + 9*r. Let y(b) = -3*k(b) + 5*w(b). Is y(3) a multiple of 29?
True
Suppose -4*q + 2*n = -4, 3*q - q - 2*n = 0. Let a(m) = 4 + q*m + m + 7*m - m**2 - 10. Does 15 divide a(7)?
True
Suppose 24 - 208 = -4*s. Let l = s - -6. Let o = l + -25. Does 10 divide o?
False
Let c(f) = 7*f**2 - 13*f - 44. Does 65 divide c(-7)?
True
Suppose -4*c = c + 5*x - 260, 0 = 2*c + x - 101. Does 49 divide c?
True
Let s(g) = g**3 + 20*g**2 + 15*g - 7. Let v be s(-19). Suppose 3 = 4*m - v. Does 9 divide m?
True
Let f be ((-11160)/10)/(-2 + 1). Suppose 0 = 9*j - f + 135. Is j a multiple of 19?
False
Let n(o) = 463*o + 13. Is 9 a factor of n(1)?
False
Let x(h) = -14 - h**3 + 7*h**2 + 9*h - 16*h + 8*h. Is x(6) a multiple of 4?
True
Let p be -1*(1/1 - -10). Let r(l) = 2*l - 2. Let y(f) = 3*f - 3. Let q(s) = -5*r(s) + 3*y(s). Does 6 divide q(p)?
True
Let n = -80 + 77. Is 7 a factor of 9/12*n*-52?
False
Suppose -c = -5*l + 11, -2*c - 13 = -5*l + c. Suppose 5*r = l*r + 9. Suppose -4*d = -q - 20, 0 = -2*d + r*d - q - 2. Is 3 a factor of d?
True
Let z(w) be the second derivative of -w**4/3 + 2*w**3/3 + w**2/2 + 3*w. Let l be z(3). Let a = 4 - l. Is 10 a factor of a?
False
Let u = 30 + -42. Let l(v) = v**3 + 14*v**2 - 3*v + 9. Let g be l(u). Suppose -5*n + g = 3*z, z - 331 = n - 6*n. Is 17 a factor of n?
False
Let t be (0 - 5)/(2 - 1). Let n be 118 + 12/(2 + t). Let b = -81 + n. Does 14 divide b?
False
Let f be (4/(-6))/((-1)/21). Let y = 17 - f. Suppose -80 = -4*k + 3*a, -y*k - 60 = -6*k + 2*a. Does 10 divide k?
True
Suppose 0 = 5*k - 2*w - 655, 5*k + 8*w - 685 = 4*w. Is k a multiple of 7?
True
Let g(z) = 1562*z - 876. Does 157 divide g(3)?
False
Suppose -4*k - 51 = 5*q, 5*q + 10 = -5*k - 50. Let d(p) = -p**3 - 9*p**2 - 4*p + 20. Is d(k) a multiple of 28?
True
Let t(n) = -2 - 5 + 16*n - 5 - n**2 + 0. Is t(8) a multiple of 13?
True
Is ((-207)/(-2))/((-105)/(-210)) a multiple of 15?
False
Suppose q + 7 = 59. Is q a multiple of 13?
True
Let m(a) = -a + 2 + 10*a**2 + 13*a**2 + 87*a**2. Let y be m(1). Suppose -2*h - 2*h + 126 = 2*j, -4*h + 3*j + y = 0. Is 11 a factor of h?
False
Let a be 97/((-2 + 0)/(-2)). Suppose -6*o + 5*v + a = -3*o, 38 = 2*o + 2*v. Is 8 a factor of o?
True
Let o(m) = -2*m**3 - 4*m**2 - 3*m - 1. Let j be o(-2). Suppose 185 = j*l + b, b + 0*b = 0. Suppose -2*h + 4 + 18 = -2*g, 4*h - l = -3*g. Does 10 divide h?
True
Let s(r) = r**2 + 15*r + 50. Let q be s(-14). Let v be (3/4)/1*4. Suppose h + q = v*h. Is h a multiple of 14?
False
Let k(j) be the first derivative of j**4/12 - 5*j**3/6 - j**2/2 + 4*j + 7. Let q(m) be the first derivative of k(m). Is 5 a factor of q(8)?
False
Suppose 7*v - 331 = 124. Is v a multiple of 5?
True
Let l = -1140 - -1996. Is l a multiple of 46?
False
Suppose 3*s - 54 = 42. Is s a multiple of 32?
True
Let u be (3/(-6))/((-2)/8). Let x(f) = -f + 2. Let h be x(u). Suppose 3*i - 60 = -h*i. Does 9 divide i?
False
Let z = 9 - 19. Let i(j) be the third derivative of -j**5/60 - 11*j**4/24 + j**3 + 3*j**2 + 10. Does 4 divide i(z)?
True
Let o(z) = 18*z - 3. Let j be 5/(-20) - 11/4. Let q be o(j). Let f = -33 - q. Is 8 a factor of f?
True
Let b(p) = p**2 - p + 14. Suppose t + t = 4. Suppose 2*a + 6*i = i - t, -5*a + 2*i = 34. Does 14 divide b(a)?
True
Let o(k) = 26*k - 11. Let f be o(11). Suppose 0 = 4*w - f - 205. Is 10 a factor of w?
True
Let i be (-2)/4*-16 + -4. Suppose -m - 3 = -z + 10, -4*z - i = 3*m. Does 13 divide m/20 - (-634)/10?
False
Let x(q) = -15*q - 86. Does 34 divide x(-8)?
True
Let l(i) be the first derivative of -i**7/210 - i**5/60 - i**4/24 + 7*i**3/3 - 5. Let a(j) be the third derivative of l(j). Does 5 divide a(-1)?
True
Let u(k) = k - 7 + 7*k - 7*k**2 + 6*k**2 - 2*k. Let y be u(3). Suppose r = -0*c + y*c - 12, -3*r = c + 8. Is c a multiple of 3?
False
Does 33 divide 1268/(-8)*(-28)/35*5?
False
Let l be (-333)/(-24) + (-2)/(-16). Let r(y) = y**2 - 9 + l*y - 2*y**2 + 0*y**2. Is r(11) a multiple of 11?
False
Suppose 2 = 2*t - 2*j, t - 4*j = -j - 5. Let i(b) = b**3 - 2*b**2 + 2*b. Let v be i(0). Suppose -f + 23 = -v*f - t*u, f = -3*u + 2. Is f a multiple of 11?
True
Let q = -14 + 41. Suppose q = h - 118. Does 51 divide h?
False
Let o be 3 + -5 - 4/(-1). Suppose 4*r - 14 - 6 = -5*x, o*x + 5*r = 8. Let t = x + 9. Is t a multiple of 6?
False
Suppose 0 = -2*q, -3*g + 3*q = -q + 1497. Let y = -271 - g. Does 19 divide y?
True
Let w(v) = 224*v - 2 + 16 - 182*v. Is w(5) a multiple of 34?
False
Let l = -636 - -1409. Does 32 divide l?
False
Let g(q) = 30*q**3 + 7*q**2 + 2*q - 1. Let a(t) = 60*t**3 + 15*t**2 + 4*t - 2. Let o(w) = 3*a(w) - 7*g(w). Does 12 divide o(-2)?
False
Let z(y) = 8*y**3 + 24*y**2 - 54*y + 12. Does 15 divide z(6)?
True
Suppose -2*x + 10 = -7*x, 0 = -r - x + 482. Is r a multiple of 44?
True
Let p(d) = -6 + 0*d**3 - 10*d**2 + 8*d + 24*d + d**3. Is 14 a factor of p(6)?
True
Let w = -80 - -129. Let a = w + -18. Is 15 a factor of a?
False
Suppose 3*i - 5 = -2*i. Let p(u) = -u + 11 + i - 2 + 0. Does 2 divide p(8)?
True
Suppose 4*d - 3*r + 51 = 0, 15 + 11 = -2*d + 2*r. Is ((-6)/(-4))/(d/(-320)) a multiple of 10?
True
Let q(r) be the first derivative of -25*r**2/2 + 3*r + 7. Does 26 divide q(-3)?
True
Let s = -449 - -827. Does 14 divide s?
True
Is 5 a factor of ((-11)/3)/((-35)/1785)?
False
Suppose -12 = -0*o - 2*o. Does 13 divide 136/10 - (o - 135/25)?
True
Suppose 0 = a + 3*a - 28. Let n = 0 - a. Is n/(-2)*-1*-4 a multiple of 7?
True
Suppose 2*s + 26 = 50. Suppose 480 = -s*p + 17*p. Is p a multiple of 32?
True
Let j(n) = -3*n**3 - 6*n**2 + 42*n + 177. Is j(-6) a multiple of 21?
True
Suppose 8*p - 4343 = 3089. Is 72 a factor of p?
False
Let q = -17 - -21. Suppose -q*d + 16 = 2*n, 3*d = -4*n - n + 47. Is n a multiple of 10?
True
Suppose 5*z - 160 = 3*z. Suppose -s - 3*b + 81 = 0, s - z = -4*b - 0*b. Does 28 divide s?
True
Suppose -16 = 7*c - 3*c, 8 = 4*r + 2*c. Let g(q) = q**3 - q**2 - q - 4. Is 8 a factor of g(r)?
True
Suppose -2*w + 870 + 318 = 0. Suppose 2*o + o - w = 0. Let z = o + -140. Is z a multiple of 13?
False
Suppose g + 2*y = 12, 5*g + 3 - 27 = 2*y. Let x(q) = 13*q + 2. Is x(g) a multiple of 20?
True
Suppose 2*v = 4*d - 58 - 28, -2*d + 2*v + 42 = 0. Is 6 a factor of d?
False
Let p = 176 + -122. Let v(g) = g**2 - 1. Let j be v(1). Suppose -o + 2*o - p = j. Is o a multiple of 27?
True
Suppose 0 = -2*b - y + 2604, -3908 = -3*b - y - y. Does 28 divide b?
False
Let q = -2124 + 2428. Is q a multiple of 13?
False
Let w(b) = 2*b**3 - 18*b**2 + 2*b - 4. Is w(12) a multiple of 13?
True
Let k(b) be the second derivative of b**4/12 - 2*b**3/3 - 6*b. Is k(8) a multiple of 8?
True
Suppose 31 + 16 = 2*n - z, 5*n + 2*z = 95. Suppose -n*g = -16*g - 270. Is 27 a factor of g?
True
Suppose 8*i - 449 = -17. Let h = 84 - i. Is h a multiple of 4?
False
Let d(g) = g + 10. Suppose -3*b - 3 = 3*m - 30, -b = -3*m + 19. Does 13 divide d(m)?
False
Suppose 7*w + 556 = 11*w. Let v = 292 - w. Does 22 divide v?
False
Let u(o) = -4*o**3 - 3*o**2 + 5*o. Does 64 divide u(-5)?
False
Let s = 171 + 101. Is s a multiple of 17?
True
Suppose -b - 1552 = -5*b - 4*u, 0 = -5*b + 4*u + 1976. Is 28 a factor of b?
True
Suppose -5*k - 2*a - 270 + 34 = 0, 4*k = 5*a - 202. Is k*(-3 - -2) - (-5 - -3) a multiple of 12?
False
Does 54 divide -8 - (4 + -10) - -105?
False
Let h = 5411 + -2951. Does 82 divide h?
True
Suppose 4*f = 2*h + 394 + 1096, 0 = -5*f + 3*h + 1860. Does 24 divide f?
False
Suppose 108 = -964*t + 967*t. Is t even?
True
Let k(l) = -11*l - 43. Let n = -84 - -76. Does 15 divide k(n)?
True
Let s(z) = -3*z - 5. Let y be s(-3). Suppose 35 = -3*q + y*q. Is 25 a factor of ((-14)/q)/(1/(-215))?
False
Let s(c) be the third derivative of c**4/12 + 7*c**3 + 25*c**2. Is s(15) a multiple of 12?
True
Let j be 2618/(-6) + (-2)/3. Let h = j - -1593. Is ((-6)/4)/((-51)/h) a multiple of 9?
False
Let f be (-3 - -2)/(4/(-20)). Let s = -2 + f. Suppose 0 = -3*x - 3*z + 111, -z + 2 = -s. Is 8 a factor of x?
True
Let t(c) = -136*c**3 - 2*c**2 - 6*c - 11. Is 47 a factor of t(-2)?
True